 of f and 12?
12
Suppose -11*h + 594 = -5*h. Calculate the greatest common divisor of 11 and h.
11
Suppose 0 = -2*n - 3*i + 2*i + 254, 2*n = -5*i + 262. What is the greatest common factor of n and 189?
63
Suppose -f - f = 2. Let v be 0/((-3)/(3*f)). Suppose 4*r + v*r = 40. What is the highest common divisor of r and 110?
10
Let l be -4*2/(-2) - -32. Calculate the greatest common divisor of 27 and l.
9
Let k = -41 + 70. Let q = -3 + k. Calculate the greatest common divisor of 130 and q.
26
Let h = -23 + 23. Suppose 0*q = q - g - 20, q + 5*g - 8 = h. Calculate the highest common factor of 45 and q.
9
Let x(h) = h**3 + 7*h**2 - 10*h - 10. Let q be x(-8). What is the highest common divisor of 9 and q?
3
Let q = -2 - -10. Calculate the highest common factor of 20 and q.
4
Suppose -2*h = -4*h + 176. Let d be (-2)/7 + 290/35. Let g be d + 0 + 0/1. What is the greatest common divisor of h and g?
8
Suppose 3*k + k = 252. What is the highest common factor of k and 9?
9
Suppose m = -l + 10, 2*l - 3*m + 2*m - 23 = 0. What is the greatest common divisor of 88 and l?
11
Let v(x) = x**3 + 7*x**2 + 2*x - 4. Let g be v(-5). What is the greatest common factor of g and 4?
4
Let p(w) = -w**3 - 8*w**2 + 21*w + 11. Let r be p(-10). What is the greatest common divisor of r and 7?
1
Suppose -2*i + 19 = 3. Calculate the highest common divisor of i and 4.
4
Let w = -23 - -45. Let z be w - 0*3/6. What is the greatest common factor of 88 and z?
22
Suppose 3*j = -2*j. Suppose -2*n + 3*n = j. Let z = 12 + n. What is the highest common divisor of 4 and z?
4
Let d = -19 - 191. Let m be (d/4)/(12/(-24)). What is the highest common factor of 15 and m?
15
Suppose 4*r = 21 - 17. Calculate the greatest common factor of 8 and r.
1
Suppose -5*g + 40 = -g. What is the greatest common factor of 30 and g?
10
Let v(i) = 127*i - 1. Suppose 0 = -t - 5*u - 14, -5*t + 4 = -u - 4. Let m = t + 0. Let n be v(m). What is the greatest common divisor of n and 14?
14
Let j(t) = t**3 - 3*t**2 + t. Let h be j(3). Let c = 2 - -10. Let z = 45 - c. Calculate the highest common divisor of h and z.
3
Suppose f = 2*f + 111. Let p = -61 - f. Suppose 0 = -4*s + o + p, 3*s - 4 = 5*o + 25. What is the highest common factor of 104 and s?
13
Let g be (-52)/(-6) - 12/(-36). Suppose -f + 6*f - 180 = 0. Calculate the highest common divisor of f and g.
9
Let y = -39 - -81. What is the highest common factor of y and 14?
14
Suppose k - 3*z = 15 + 14, z = 5. Suppose 6*u + 0*u = 396. What is the greatest common factor of k and u?
22
Suppose 3*h - 5*h = 0. Suppose h*l - 2*l = -28. What is the greatest common factor of 7 and l?
7
Suppose -2*i - 8 = -48. Let g(u) = -u**3 + 6*u**2 - 4*u + 5. Let c be g(5). Calculate the greatest common divisor of i and c.
10
Let p(v) = -v**3 + v**2. Let n(m) = -4*m**3 - m**2 + 4*m - 7. Let q(b) = n(b) - 3*p(b). Let l be q(-7). Calculate the highest common factor of l and 14.
14
Suppose -27 = 2*n - 3*n. Calculate the greatest common factor of 18 and n.
9
Suppose -3*o + 0*o + 144 = 0. Suppose -19 = -4*j - u, -4*j - 2*u - 4 = -3*j. Calculate the greatest common factor of o and j.
6
Let p be (-4 - (-3 + 4))*-3. What is the greatest common factor of 60 and p?
15
Let x(q) = q**3 - 8*q**2 + 4*q - 2. Let i be x(5). Let p = i - -117. Calculate the highest common factor of 24 and p.
12
Suppose m + 5 - 25 = 0. What is the highest common factor of 50 and m?
10
Let z = -48 - -57. Calculate the greatest common factor of 117 and z.
9
Suppose -2*m + 13 = 3*d - 18, 3*d - 34 = m. Let r = 2 - -3. Suppose 4*l = -c - c + 48, -r*c = 3*l - 43. Calculate the highest common factor of d and l.
11
Suppose d = 3*p + 12, -120 = -5*d + 2*p - 7*p. Let s = -4 - -11. Let r = 14 - s. Calculate the highest common factor of d and r.
7
Let t be 2/(-1)*(-33)/6. Let k(b) = -b**3 - 4*b**2 + 3*b + 12. Let m be k(-5). Calculate the greatest common factor of t and m.
11
Let b = 4 - 2. Suppose -b*u - 4*d + 2 = 0, 3*d + 0*d = 4*u - 15. Suppose 13*y = 8*y + 10. What is the highest common factor of u and y?
1
Suppose 0*a - 2*a = 4. Let j = -35 + 20. Let p = a - j. What is the greatest common factor of 117 and p?
13
Suppose -5*x = 15 - 45. What is the greatest common factor of x and 150?
6
Let n(b) = -b**2 + 7*b + 8. Let i be n(6). Let w(m) = 3*m**2 + 7*m + 17. Let d be w(-7). Suppose -d = -3*t - 10. What is the greatest common factor of i and t?
7
Let u be 90/((-4 + 5)/1). What is the highest common divisor of u and 18?
18
Suppose 0 = -5*s - 5*y + 55, 2*s - 4*y = s - 4. What is the greatest common divisor of s and 2?
2
Let t(q) = -q**3 + 2*q**2. Let b be t(2). Suppose 3*u - u - m - 23 = b, 4*m - 40 = -4*u. Calculate the highest common factor of 44 and u.
11
Let o(g) = 3*g - 6*g**2 - g**3 - 2*g + 2*g**3. Let d be o(6). Let j be 2 + (-2 + d - 2). Calculate the greatest common divisor of 6 and j.
2
Let a(l) = -l**3 + 6*l**2 + 6*l + 8. Let d be a(7). Calculate the greatest common factor of 4 and d.
1
Let b be (75/10)/(1/6). Suppose 0 = 5*n + 9 - 34. Calculate the greatest common factor of b and n.
5
Suppose 2*k + 60 = 7*k. Suppose b - 2*c = 2*c + 3, b + c = 13. Let m = -7 + b. Calculate the greatest common divisor of m and k.
4
Let j(r) = r**2 - 7*r - 5. Suppose 3*t - 21 = 3*f, 0 = -2*t - 2*f - 3*f + 28. Let g be j(t). What is the greatest common divisor of 26 and g?
13
Suppose 4*t = t + 126. What is the greatest common divisor of t and 56?
14
Suppose 4*f = -5*n - 653, 2*n = -5*f + f - 638. Let w be -3 + (-22 - (0 + 2 + -2)). Let q = w - f. What is the highest common divisor of q and 12?
12
Suppose 0 = d + 17 - 5. Let f be (4/d)/((-1)/(-9)). Let q be (948/(-2))/f - -2. Calculate the greatest common factor of q and 20.
20
Let i(g) = -7*g**2 + 1 + 0 + 9*g**2 - 2*g + 2*g**3. Let b be i(1). Calculate the highest common factor of b and 27.
3
Suppose 84 = -2*a + 5*a. Suppose -66 = 2*z + z - 4*p, -3*z - 2*p - 48 = 0. Let s = -11 - z. What is the greatest common divisor of s and a?
7
Suppose -3*t + 15 = 3*v, 9*t = 3*v + 4*t + 9. Suppose 2*m = 3*j + 15, 3*m = -v*m - 4*j + 49. Calculate the greatest common divisor of 9 and m.
9
Let d be 1*(-5 - 0)*-3. Let l = 153 + -148. What is the greatest common divisor of l and d?
5
Let a = -120 - -171. Let d be 0 + a/(2 + -1). Calculate the greatest common divisor of 34 and d.
17
Suppose 4*s + 0 - 24 = 0. Let i = 27 - 12. What is the highest common factor of s and i?
3
Suppose 108 = -3*p - 324. Let f be (-20)/50 + p/(-10). What is the greatest common divisor of f and 14?
14
Let m = -5 - -11. Let i = 12 - m. Calculate the greatest common factor of i and 60.
6
Let q be 6/14 + 1104/(-28). Let v = q + 89. Calculate the highest common divisor of 20 and v.
10
Suppose 2*r = -6*r + 320. Calculate the greatest common factor of r and 8.
8
Let c(d) = -d**3 - 11*d**2 + 26*d + 2. Let b be c(-13). What is the highest common factor of 14 and b?
2
Suppose 4*w - 75 - 105 = 0. Let f(i) = 3*i - 1. Let k be f(2). What is the highest common divisor of k and w?
5
Let x = -15 + 7. Let a be (-77)/(-3 - 20/x). Calculate the highest common divisor of 22 and a.
22
Let g = 78 + -22. Let s be (42/(-9))/((-4)/6). What is the greatest common divisor of g and s?
7
Suppose -4*p + 31 = n, 3*n - 76 = -p + 6*p. Calculate the greatest common factor of n and 9.
9
Suppose 0 = -3*f + 6*f + 4*h + 5, 3*h - 6 = f. Let x = f - -6. Suppose z = -2*m + 7*m - 97, x*m + 3*z = 69. What is the greatest common factor of m and 8?
4
Let o(w) = 14*w - 2. Let u be o(3). Let x be (4/1)/(4/8). Calculate the highest common divisor of u and x.
8
Suppose -2*a + 26 = -0*a. What is the greatest common divisor of a and 13?
13
Suppose -3*n = -2*f - f - 165, 5*n - 3*f - 273 = 0. Let o be n + -2 - (-5 - -5). What is the highest common factor of 13 and o?
13
Suppose 0 = o - 0 + 1. Let j(b) = 91*b**2 - b - 1. Let c be j(o). Calculate the highest common divisor of c and 13.
13
Let p(w) be the third derivative of w**4/4 + w**3/6 - w**2. Let z be p(1). What is the highest common factor of 28 and z?
7
Suppose 2*r + 33 = m - 2*r, -5*r - 85 = -3*m. Let a = -17 + m. What is the highest common divisor of 64 and a?
8
Suppose 7*y = 5*y + 176. Suppose 0 = -4*z + 4*o + y, -8*z + 118 = -3*z - o. What is the greatest common factor of 6 and z?
6
Suppose 3*z - 283 = -3*w + 125, -5*w = 25.